(h) = -10*h**2 - 209*h + 203. Let d(s) = -8*w(s) - 3*x(s). What is the remainder when 60 is divided by d(32)?
29
Let b = -4271 - -4281. What is the remainder when 2 - 0 - 2*-7 is divided by b?
6
Suppose -3*x = 5*z - 724, -3*x - 96*z = -94*z - 709. What is the remainder when x is divided by 69?
26
Let u be 4*-4 - 4/2. Let j = -121 - -127. What is the remainder when j is divided by 10/(-2)*u/30?
0
Suppose -12*b + 46 = -10*b. Suppose 0 = -3*x - 2*n + 905, -5*x + 1535 = 21*n - b*n. What is the remainder when x is divided by 14?
11
Suppose -2*b + 0*b = 4*h - 8, -b - 3*h = -8. Let k be (-9)/3 - (b*2)/2. Let t(o) = 45*o**2 + 2*o - 1. Calculate the remainder when t(k) is divided by 10.
6
Suppose 0*k + 5*v - 159 = -4*k, -2*k + 57 = -5*v. Let c = -14 + k. Calculate the remainder when (-1 + 25/10)*c is divided by 5.
3
Suppose -t + 24 = 2*z + 10, 0 = t - z - 11. What is the remainder when 6093 is divided by t?
9
Let c = 327 - 135. Let y(h) = h**3 + 3*h**2 - 5*h + 3. What is the remainder when c is divided by y(2)?
10
Suppose -17*c + 499 = -436. What is the remainder when c is divided by 34?
21
Calculate the remainder when 552/10*6*((-90)/(-16))/9 is divided by (-4)/10 - (-272)/5.
45
Suppose 5*d = -2*n + 76, n - 133 = -2*n + 2*d. Suppose 0 = -5*y - 0*y + 1280. What is the remainder when y is divided by n?
41
Suppose -8*f - 1517 = -37669. Suppose -58*c - 1503 + f = 0. Calculate the remainder when c is divided by 28.
24
Suppose 4*d - 34 = -b, -2*b - 2*b + 8 = 0. Calculate the remainder when 15 is divided by 3*18/(d + -2).
6
Suppose 4*r - 2*d = 3920, 2*r - 3*d - 3920 = -2*r. Suppose -c = 160 - 670. Suppose c = 5*p - r. What is the remainder when p is divided by 13?
12
Suppose -51*t = -52*t + 9. Let z be 18/2*1/(-3). Let g(u) = -6*u + 6. Calculate the remainder when g(z) is divided by t.
6
Let m(a) = -107*a + 25. Let z be m(-3). Suppose -7*s + 5*s - 136 = -2*b, 5*b - 3*s - z = 0. What is the remainder when b is divided by 17?
3
Let x = 83 + -59. Let l be ((-18)/6)/(3/16)*3. Let d = -39 - l. What is the remainder when x is divided by d?
6
Let t be (275/35 - 5)/(4/42). Calculate the remainder when 132 is divided by t + (-2 - -2) - 20/(-20).
8
Let s = 6601 - 6312. What is the remainder when s is divided by (2156/(-66))/(2/(-3))?
44
Suppose 51*x = -357 + 1581. Let v = 27 + -41. Let k = v + x. Calculate the remainder when 37 is divided by k.
7
Suppose -4 = -2*h + 2*b + 2, 0 = -4*h - b + 17. Suppose h*t - s - 43 = 3*t, -s = 0. Let r = t - 15. Calculate the remainder when r is divided by 16.
12
Suppose -21*z = -341812 + 326293. What is the remainder when 1499 is divided by z?
21
Suppose -54*j = -58*j - 32, -1110 = -2*b - 2*j. Calculate the remainder when b is divided by 173.
44
Let g = -27 + 42. Suppose 4*m - 80 = -4*q, 19 = 2*q - 2*m + 7*m. Calculate the remainder when q is divided by g.
12
Let h = 3 + 3. Suppose 0 = -2*d + 12 + h. Let j = -432 - -472. What is the remainder when j is divided by d?
4
Let j(l) = -92 + 21*l + 40*l - 57*l. What is the remainder when j(49) is divided by 40?
24
Suppose 5*x - j - 779 = 0, 0 = -3*x + 8*j - 9*j + 461. Calculate the remainder when x is divided by 26.
25
Suppose 0 = 402*n - 398*n - 536. Let o(v) = -v**3 + 2 - 7*v**3 + 4*v**3. What is the remainder when n is divided by o(-2)?
32
Let z = 38 - 24. Calculate the remainder when ((-846)/10)/(276/(-30) + 9) + 8 is divided by z.
11
Suppose -41*q + 78*q = 407. Let p = -61 - -379. What is the remainder when p is divided by q?
10
Calculate the remainder when 332 is divided by 12/18*81/2*(-6)/(-3).
8
Let l(u) = u**3 - 11*u**2 - 47*u - 41. Let x be l(15). Let n = -22 - -38. Suppose 2*w - x = n. What is the remainder when w is divided by 30?
25
Suppose 12*m = 49*m + 23*m - 7320. Let z(n) = -2*n + 10. What is the remainder when m is divided by z(-8)?
18
Suppose -4*j = -4*d + 484, -15*d = -9*j + 11*j - 1832. What is the remainder when 973 is divided by d?
119
Let z(g) = g**3 + 11*g**2 + 17*g + 19. Let b be z(-7). Suppose -101*h = -b*h + 60. Calculate the remainder when 9 is divided by 4/((-32)/h - 2).
3
Suppose 0 = -r + 60 - 281. Let u = -179 - r. Calculate the remainder when 105 is divided by u.
21
Suppose 43*c - 60 = 31*c. Suppose 4*g = w - 6 - 25, -185 = -5*w + c*g. What is the remainder when w is divided by 11?
6
What is the remainder when (28/((-2660)/(-171)))/(6/610) is divided by 17?
13
Suppose 5*r + 28*u - 31*u - 15 = 0, -5*u = -3*r + 25. What is the remainder when 54/6 + 1 + r/1 is divided by 5?
0
Suppose 4*m - 99*q - 1192 = -97*q, -q + 4 = 0. Calculate the remainder when m is divided by 59.
5
Suppose b - 5*g = -2, -3*g + 5*g + 64 = -5*b. What is the remainder when ((-386)/(-3))/(b/(-18)) is divided by 28?
25
Suppose -m - 4672 = 7*m. Let v = 647 + m. What is the remainder when v is divided by 4?
3
Let w = 8553 - 8528. What is the remainder when 182 is divided by w?
7
Suppose 0 = -4*i + 4, -5*y + 4*i - 10 - 424 = 0. Let b(k) = k**2 - 20*k + 4. Let o be b(9). Let u = y - o. Calculate the remainder when u is divided by 3.
0
Suppose -5*c + 45 = 5*m - 0*c, c = 5*m - 21. Suppose -317 = -q - m*y, 4*y + 491 + 1239 = 5*q. What is the remainder when q is divided by 23?
20
Calculate the remainder when 316 is divided by (-21)/(-2)*(-6776)/(-726).
22
Calculate the remainder when 112 is divided by ((-2)/6 + (-56)/120)*-10.
0
Let o = -219 + 94. Let y = o + 165. What is the remainder when y is divided by (-44)/(0 + 0 + -2)?
18
What is the remainder when -9 + 11 - (-519)/(10 - 7) is divided by 144?
31
Suppose -5*u = 32 - 92. Suppose u*h = 16*h - 236. What is the remainder when 220 is divided by h?
43
Let d(z) = -z - 6. Let t be d(-10). Suppose 15 = 3*r + 3*x, 3*r + 2*x - t = 15. What is the remainder when 735/30 + ((-3)/2)/3 is divided by r?
6
Suppose -5*k - 3*r = -1375, -2*r = 5*k - 5*r - 1405. Let b = k - 267. Calculate the remainder when (2 + -1)/((-2)/(-86)) is divided by b.
10
Suppose -g - 5 = 0, 3*a + 179*g = 177*g + 779. What is the remainder when a is divided by 52?
3
Let d(y) = -70*y + 39. Let j be d(2). Let m = j - -186. Suppose -31 + 9 = -2*q. Calculate the remainder when m is divided by q.
8
Let p = -1976 - -2017. What is the remainder when p is divided by 40?
1
Suppose 11*y = 19 + 47. Let h(s) = s**3 - 2*s**2 - 2*s + 1. Calculate the remainder when 3/((-27)/(-102)) - y/(-9) is divided by h(3).
0
Let x(w) = w**3 - 4*w**2 - 6*w + 7. Let p be x(5). Calculate the remainder when (-298)/(-11) + 1470/165 + -9 is divided by 15 - (-1 - (-2 + p)).
11
Let k be (6/(-4))/(12/(-24)). Suppose 0 = 5*s - 2*q - 642, k*s - 2*q - 79 = 307. Calculate the remainder when s is divided by 43.
42
Suppose 2*a = -z - 6, -a = -5*a - 5*z - 12. Let h be 3 + 8/(-32) + a/4. Suppose h*y = 6, 3*b + 4*y - 156 = 117. What is the remainder when b is divided by 11?
10
Let o = 151 - 566. Let q = o - -417. Suppose 4*w = 5*n - 63, -24 + 9 = -5*w. Calculate the remainder when n is divided by q.
1
Suppose 665*c = -106706 + 3178341. What is the remainder when c is divided by 6?
5
Let z(a) = -9*a + 346. Let y be z(38). Let p be 135/(-6)*44/(-6). Suppose -2*r = l - y*l - p, -1 = l. What is the remainder when r is divided by 41?
40
Let q = 22 + -13. Let w = -143767 - -143789. What is the remainder when w is divided by q?
4
Suppose -42*h + 21*h = -252. Calculate the remainder when 3*23*(4 - 3/1) is divided by h.
9
Let r = 105 - 100. Calculate the remainder when -1 + (400/r)/(-1 - -2) is divided by 18.
7
Let j be -3 + 2 + 0 + 400/(-5). Let i = -79 - j. Suppose 31 - 15 = i*v. What is the remainder when v is divided by 6?
2
Let s = -942 + 952. Calculate the remainder when 6089 is divided by s.
9
Let r = -83 - -31. Let l = r + 175. Suppose 4*s = 5*q - l, 129 = 7*q - 2*q - 2*s. What is the remainder when q is divided by 14?
13
Suppose -3*w + 12*l = 15*l - 168, 4*l = -12. Let p(y) be the third derivative of y**4/4 + y**3 + y**2. What is the remainder when w is divided by p(4)?
29
Let t(y) = -y**3 + 2*y**2 + 3*y - 5. Let k be t(3). Let n(g) = 2*g**2 + 10*g + 16. What is the remainder when 79 is divided by n(k)?
15
Suppose -117 - 149 = -6*q + 88. Calculate the remainder when 155 is divided by q.
37
Suppose 147*w + 308 = 2614 - 101. Let p = 39 - 21. Calculate the remainder when p is divided by w.
3
Let u be 1 + (-3 - -4) - 17/1. Let j be (